{"id":594,"date":"2019-09-14T09:13:21","date_gmt":"2019-09-14T08:13:21","guid":{"rendered":"https:\/\/sbrp.de\/wp-content\/uploads\/2019\/09\/Senioren-Mannschaftsmeisterschaft-der-Landesverb\u00e4nde-2019-Kargoll-Kaster.jpg"},"modified":"2019-09-14T09:13:28","modified_gmt":"2019-09-14T08:13:28","slug":"senioren-mannschaftsmeisterschaft-der-landesverbaende-2019-kargoll-kaster","status":"inherit","type":"attachment","link":"https:\/\/sbrp.de\/?attachment_id=594","title":{"rendered":"Senioren-Mannschaftsmeisterschaft der Landesverb\u00e4nde 2019 Kargoll Kaster"},"author":1,"featured_media":0,"comment_status":"closed","ping_status":"closed","template":"","meta":{"colormag_page_container_layout":"default_layout","colormag_page_sidebar_layout":"default_layout"},"class_list":["post-594","attachment","type-attachment","status-inherit","hentry"],"description":{"rendered":"<p class=\"attachment\"><a href='https:\/\/sbrp.de\/wp-content\/uploads\/2019\/09\/Senioren-Mannschaftsmeisterschaft-der-Landesverb\u00e4nde-2019-Kargoll-Kaster.jpg'><img loading=\"lazy\" decoding=\"async\" width=\"225\" height=\"300\" src=\"https:\/\/sbrp.de\/wp-content\/uploads\/2019\/09\/Senioren-Mannschaftsmeisterschaft-der-Landesverb\u00e4nde-2019-Kargoll-Kaster-225x300.jpg\" class=\"attachment-medium size-medium\" alt=\"\" srcset=\"https:\/\/sbrp.de\/wp-content\/uploads\/2019\/09\/Senioren-Mannschaftsmeisterschaft-der-Landesverb\u00e4nde-2019-Kargoll-Kaster-225x300.jpg 225w, https:\/\/sbrp.de\/wp-content\/uploads\/2019\/09\/Senioren-Mannschaftsmeisterschaft-der-Landesverb\u00e4nde-2019-Kargoll-Kaster-768x1024.jpg 768w, https:\/\/sbrp.de\/wp-content\/uploads\/2019\/09\/Senioren-Mannschaftsmeisterschaft-der-Landesverb\u00e4nde-2019-Kargoll-Kaster-375x500.jpg 375w, https:\/\/sbrp.de\/wp-content\/uploads\/2019\/09\/Senioren-Mannschaftsmeisterschaft-der-Landesverb\u00e4nde-2019-Kargoll-Kaster.jpg 929w\" sizes=\"auto, (max-width: 225px) 100vw, 225px\" \/><\/a><\/p>\n"},"caption":{"rendered":"<p>Die beiden Mannschaftsf\u00fchrer Peter Kargoll (li) und J\u00fcrgen Kaster freuen sich \u00fcber das erfolgreiche Abschneiden ihrer Teams.<\/p>\n"},"alt_text":"","media_type":"image","mime_type":"image\/jpeg","media_details":{"width":929,"height":1238,"file":"2019\/09\/Senioren-Mannschaftsmeisterschaft-der-Landesverb\u00e4nde-2019-Kargoll-Kaster.jpg","sizes":{"thumbnail":{"file":"Senioren-Mannschaftsmeisterschaft-der-Landesverb\u00e4nde-2019-Kargoll-Kaster-150x150.jpg","width":150,"height":150,"mime_type":"image\/jpeg","source_url":"https:\/\/sbrp.de\/wp-content\/uploads\/2019\/09\/Senioren-Mannschaftsmeisterschaft-der-Landesverb\u00e4nde-2019-Kargoll-Kaster-150x150.jpg"},"medium":{"file":"Senioren-Mannschaftsmeisterschaft-der-Landesverb\u00e4nde-2019-Kargoll-Kaster-225x300.jpg","width":225,"height":300,"mime_type":"image\/jpeg","source_url":"https:\/\/sbrp.de\/wp-content\/uploads\/2019\/09\/Senioren-Mannschaftsmeisterschaft-der-Landesverb\u00e4nde-2019-Kargoll-Kaster-225x300.jpg"},"medium_large":{"file":"Senioren-Mannschaftsmeisterschaft-der-Landesverb\u00e4nde-2019-Kargoll-Kaster-768x1023.jpg","width":768,"height":1023,"mime_type":"image\/jpeg","source_url":"https:\/\/sbrp.de\/wp-content\/uploads\/2019\/09\/Senioren-Mannschaftsmeisterschaft-der-Landesverb\u00e4nde-2019-Kargoll-Kaster-768x1023.jpg"},"large":{"file":"Senioren-Mannschaftsmeisterschaft-der-Landesverb\u00e4nde-2019-Kargoll-Kaster-768x1024.jpg","width":768,"height":1024,"mime_type":"image\/jpeg","source_url":"https:\/\/sbrp.de\/wp-content\/uploads\/2019\/09\/Senioren-Mannschaftsmeisterschaft-der-Landesverb\u00e4nde-2019-Kargoll-Kaster-768x1024.jpg"},"post-thumbnail":{"file":"Senioren-Mannschaftsmeisterschaft-der-Landesverb\u00e4nde-2019-Kargoll-Kaster-250x250.jpg","width":250,"height":250,"mime_type":"image\/jpeg","source_url":"https:\/\/sbrp.de\/wp-content\/uploads\/2019\/09\/Senioren-Mannschaftsmeisterschaft-der-Landesverb\u00e4nde-2019-Kargoll-Kaster-250x250.jpg"},"envince-big-grid":{"file":"Senioren-Mannschaftsmeisterschaft-der-Landesverb\u00e4nde-2019-Kargoll-Kaster-600x400.jpg","width":600,"height":400,"mime_type":"image\/jpeg","source_url":"https:\/\/sbrp.de\/wp-content\/uploads\/2019\/09\/Senioren-Mannschaftsmeisterschaft-der-Landesverb\u00e4nde-2019-Kargoll-Kaster-600x400.jpg"},"envince-small-grid":{"file":"Senioren-Mannschaftsmeisterschaft-der-Landesverb\u00e4nde-2019-Kargoll-Kaster-300x200.jpg","width":300,"height":200,"mime_type":"image\/jpeg","source_url":"https:\/\/sbrp.de\/wp-content\/uploads\/2019\/09\/Senioren-Mannschaftsmeisterschaft-der-Landesverb\u00e4nde-2019-Kargoll-Kaster-300x200.jpg"},"envince-featured-big":{"file":"Senioren-Mannschaftsmeisterschaft-der-Landesverb\u00e4nde-2019-Kargoll-Kaster-400x200.jpg","width":400,"height":200,"mime_type":"image\/jpeg","source_url":"https:\/\/sbrp.de\/wp-content\/uploads\/2019\/09\/Senioren-Mannschaftsmeisterschaft-der-Landesverb\u00e4nde-2019-Kargoll-Kaster-400x200.jpg"},"envince-featured-small":{"file":"Senioren-Mannschaftsmeisterschaft-der-Landesverb\u00e4nde-2019-Kargoll-Kaster-130x90.jpg","width":130,"height":90,"mime_type":"image\/jpeg","source_url":"https:\/\/sbrp.de\/wp-content\/uploads\/2019\/09\/Senioren-Mannschaftsmeisterschaft-der-Landesverb\u00e4nde-2019-Kargoll-Kaster-130x90.jpg"},"envince-large":{"file":"Senioren-Mannschaftsmeisterschaft-der-Landesverb\u00e4nde-2019-Kargoll-Kaster-375x500.jpg","width":375,"height":500,"mime_type":"image\/jpeg","source_url":"https:\/\/sbrp.de\/wp-content\/uploads\/2019\/09\/Senioren-Mannschaftsmeisterschaft-der-Landesverb\u00e4nde-2019-Kargoll-Kaster-375x500.jpg"},"full":{"file":"Senioren-Mannschaftsmeisterschaft-der-Landesverb\u00e4nde-2019-Kargoll-Kaster.jpg","width":929,"height":1238,"mime_type":"image\/jpeg","source_url":"https:\/\/sbrp.de\/wp-content\/uploads\/2019\/09\/Senioren-Mannschaftsmeisterschaft-der-Landesverb\u00e4nde-2019-Kargoll-Kaster.jpg"}},"image_meta":{"aperture":"0","credit":"","camera":"","caption":"","created_timestamp":"0","copyright":"","focal_length":"0","iso":"0","shutter_speed":"0","title":"","orientation":"0","keywords":[]}},"post":589,"source_url":"https:\/\/sbrp.de\/wp-content\/uploads\/2019\/09\/Senioren-Mannschaftsmeisterschaft-der-Landesverb\u00e4nde-2019-Kargoll-Kaster.jpg","_links":{"self":[{"href":"https:\/\/sbrp.de\/index.php?rest_route=\/wp\/v2\/media\/594","targetHints":{"allow":["GET"]}}],"collection":[{"href":"https:\/\/sbrp.de\/index.php?rest_route=\/wp\/v2\/media"}],"about":[{"href":"https:\/\/sbrp.de\/index.php?rest_route=\/wp\/v2\/types\/attachment"}],"author":[{"embeddable":true,"href":"https:\/\/sbrp.de\/index.php?rest_route=\/wp\/v2\/users\/1"}],"replies":[{"embeddable":true,"href":"https:\/\/sbrp.de\/index.php?rest_route=%2Fwp%2Fv2%2Fcomments&post=594"}],"wp:attached-to":[{"embeddable":true,"post_type":"post","id":589,"href":"https:\/\/sbrp.de\/index.php?rest_route=\/wp\/v2\/posts\/589"}],"curies":[{"name":"wp","href":"https:\/\/api.w.org\/{rel}","templated":true}]}}

https://sbrp.de/wp-content/uploads/2019/09/Senioren-Mannschaftsmeisterschaft-der-Landesverbände-2019-Kargoll-Kaster.jpg

Senioren-Mannschaftsmeisterschaft der Landesverbände 2019 Kargoll Kaster

<p class="attachment"><a href='https://sbrp.de/wp-content/uploads/2019/09/Senioren-Mannschaftsmeisterschaft-der-Landesverbände-2019-Kargoll-Kaster.jpg'><img loading="lazy" decoding="async" width="225" height="300" src="https://sbrp.de/wp-content/uploads/2019/09/Senioren-Mannschaftsmeisterschaft-der-Landesverbände-2019-Kargoll-Kaster-225x300.jpg" class="attachment-medium size-medium" alt="" srcset="https://sbrp.de/wp-content/uploads/2019/09/Senioren-Mannschaftsmeisterschaft-der-Landesverbände-2019-Kargoll-Kaster-225x300.jpg 225w, https://sbrp.de/wp-content/uploads/2019/09/Senioren-Mannschaftsmeisterschaft-der-Landesverbände-2019-Kargoll-Kaster-768x1024.jpg 768w, https://sbrp.de/wp-content/uploads/2019/09/Senioren-Mannschaftsmeisterschaft-der-Landesverbände-2019-Kargoll-Kaster-375x500.jpg 375w, https://sbrp.de/wp-content/uploads/2019/09/Senioren-Mannschaftsmeisterschaft-der-Landesverbände-2019-Kargoll-Kaster.jpg 929w" sizes="auto, (max-width: 225px) 100vw, 225px" /></a></p>

<p>Die beiden Mannschaftsführer Peter Kargoll (li) und Jürgen Kaster freuen sich über das erfolgreiche Abschneiden ihrer Teams.</p>

2019/09/Senioren-Mannschaftsmeisterschaft-der-Landesverbände-2019-Kargoll-Kaster.jpg

Senioren-Mannschaftsmeisterschaft-der-Landesverbände-2019-Kargoll-Kaster-150x150.jpg

https://sbrp.de/wp-content/uploads/2019/09/Senioren-Mannschaftsmeisterschaft-der-Landesverbände-2019-Kargoll-Kaster-150x150.jpg

Senioren-Mannschaftsmeisterschaft-der-Landesverbände-2019-Kargoll-Kaster-225x300.jpg

https://sbrp.de/wp-content/uploads/2019/09/Senioren-Mannschaftsmeisterschaft-der-Landesverbände-2019-Kargoll-Kaster-225x300.jpg

Senioren-Mannschaftsmeisterschaft-der-Landesverbände-2019-Kargoll-Kaster-768x1023.jpg

https://sbrp.de/wp-content/uploads/2019/09/Senioren-Mannschaftsmeisterschaft-der-Landesverbände-2019-Kargoll-Kaster-768x1023.jpg

Senioren-Mannschaftsmeisterschaft-der-Landesverbände-2019-Kargoll-Kaster-768x1024.jpg

https://sbrp.de/wp-content/uploads/2019/09/Senioren-Mannschaftsmeisterschaft-der-Landesverbände-2019-Kargoll-Kaster-768x1024.jpg

Senioren-Mannschaftsmeisterschaft-der-Landesverbände-2019-Kargoll-Kaster-250x250.jpg

https://sbrp.de/wp-content/uploads/2019/09/Senioren-Mannschaftsmeisterschaft-der-Landesverbände-2019-Kargoll-Kaster-250x250.jpg

Senioren-Mannschaftsmeisterschaft-der-Landesverbände-2019-Kargoll-Kaster-600x400.jpg

https://sbrp.de/wp-content/uploads/2019/09/Senioren-Mannschaftsmeisterschaft-der-Landesverbände-2019-Kargoll-Kaster-600x400.jpg

Senioren-Mannschaftsmeisterschaft-der-Landesverbände-2019-Kargoll-Kaster-300x200.jpg

https://sbrp.de/wp-content/uploads/2019/09/Senioren-Mannschaftsmeisterschaft-der-Landesverbände-2019-Kargoll-Kaster-300x200.jpg

Senioren-Mannschaftsmeisterschaft-der-Landesverbände-2019-Kargoll-Kaster-400x200.jpg

https://sbrp.de/wp-content/uploads/2019/09/Senioren-Mannschaftsmeisterschaft-der-Landesverbände-2019-Kargoll-Kaster-400x200.jpg

Senioren-Mannschaftsmeisterschaft-der-Landesverbände-2019-Kargoll-Kaster-130x90.jpg

https://sbrp.de/wp-content/uploads/2019/09/Senioren-Mannschaftsmeisterschaft-der-Landesverbände-2019-Kargoll-Kaster-130x90.jpg

Senioren-Mannschaftsmeisterschaft-der-Landesverbände-2019-Kargoll-Kaster-375x500.jpg

https://sbrp.de/wp-content/uploads/2019/09/Senioren-Mannschaftsmeisterschaft-der-Landesverbände-2019-Kargoll-Kaster-375x500.jpg

Senioren-Mannschaftsmeisterschaft-der-Landesverbände-2019-Kargoll-Kaster.jpg
